{"id":2487,"date":"2015-01-02T13:22:20","date_gmt":"2015-01-02T12:22:20","guid":{"rendered":"http:\/\/www.fayka.pl\/?page_id=2487"},"modified":"2015-01-02T13:28:24","modified_gmt":"2015-01-02T12:28:24","slug":"poradnik-uwagi-czytelnikow","status":"publish","type":"page","link":"https:\/\/www.fayka.pl\/?page_id=2487","title":{"rendered":"Poradnik &#8211; uwagi czytelnik\u00f3w"},"content":{"rendered":"<p>A tu znajdziecie list\u0119 uwag czytelnik\u00f3w:<\/p>\n<ul>\n<li>hamak (pewnie chodzi o taki malutki turystyczny)<br \/>\nBartek zg\u0142osi\u0142 jako pierwszy<\/li>\n<\/ul>\n<p><a title=\"Poradnik \u2013 podsumowanie\" href=\"http:\/\/www.fayka.pl\/?page_id=2339\">&lt;&lt;podsumowanie<\/a> czytaj<\/p>\n","protected":false},"excerpt":{"rendered":"<p>A tu znajdziecie list\u0119 uwag czytelnik\u00f3w: hamak (pewnie chodzi o taki malutki turystyczny) Bartek zg\u0142osi\u0142 jako pierwszy &lt;&lt;podsumowanie czytaj<\/p>\n","protected":false},"author":2,"featured_media":0,"parent":2249,"menu_order":0,"comment_status":"open","ping_status":"open","template":"onecolumn-page.php","meta":{"footnotes":""},"class_list":["post-2487","page","type-page","status-publish","hentry"],"_links":{"self":[{"href":"https:\/\/www.fayka.pl\/index.php?rest_route=\/wp\/v2\/pages\/2487","targetHints":{"allow":["GET"]}}],"collection":[{"href":"https:\/\/www.fayka.pl\/index.php?rest_route=\/wp\/v2\/pages"}],"about":[{"href":"https:\/\/www.fayka.pl\/index.php?rest_route=\/wp\/v2\/types\/page"}],"author":[{"embeddable":true,"href":"https:\/\/www.fayka.pl\/index.php?rest_route=\/wp\/v2\/users\/2"}],"replies":[{"embeddable":true,"href":"https:\/\/www.fayka.pl\/index.php?rest_route=%2Fwp%2Fv2%2Fcomments&post=2487"}],"version-history":[{"count":4,"href":"https:\/\/www.fayka.pl\/index.php?rest_route=\/wp\/v2\/pages\/2487\/revisions"}],"predecessor-version":[{"id":2493,"href":"https:\/\/www.fayka.pl\/index.php?rest_route=\/wp\/v2\/pages\/2487\/revisions\/2493"}],"up":[{"embeddable":true,"href":"https:\/\/www.fayka.pl\/index.php?rest_route=\/wp\/v2\/pages\/2249"}],"wp:attachment":[{"href":"https:\/\/www.fayka.pl\/index.php?rest_route=%2Fwp%2Fv2%2Fmedia&parent=2487"}],"curies":[{"name":"wp","href":"https:\/\/api.w.org\/{rel}","templated":true}]}}